actors of 2540.
2, 5, 127
What are the prime factors of 89134?
2, 41, 1087
What are the prime factors of 15161?
15161
List the prime factors of 212.
2, 53
List the prime factors of 10821.
3, 3607
List the prime factors of 4351.
19, 229
What are the prime factors of 5522?
2, 11, 251
List the prime factors of 2384.
2, 149
What are the prime factors of 11031?
3, 3677
What are the prime factors of 14414?
2, 7207
List the prime factors of 564.
2, 3, 47
List the prime factors of 1940.
2, 5, 97
What are the prime factors of 10025?
5, 401
List the prime factors of 194.
2, 97
What are the prime factors of 1090?
2, 5, 109
What are the prime factors of 34482?
2, 3, 7, 821
What are the prime factors of 5242?
2, 2621
List the prime factors of 1273.
19, 67
What are the prime factors of 13467?
3, 67
What are the prime factors of 2315?
5, 463
What are the prime factors of 2900?
2, 5, 29
List the prime factors of 645.
3, 5, 43
What are the prime factors of 99748?
2, 11, 2267
What are the prime factors of 20680?
2, 5, 11, 47
What are the prime factors of 11995?
5, 2399
List the prime factors of 530.
2, 5, 53
List the prime factors of 1506.
2, 3, 251
List the prime factors of 3609.
3, 401
List the prime factors of 11435.
5, 2287
List the prime factors of 621.
3, 23
List the prime factors of 21177.
3, 13, 181
List the prime factors of 2516.
2, 17, 37
What are the prime factors of 43856?
2, 2741
List the prime factors of 17561.
17, 1033
List the prime factors of 17351.
17351
What are the prime factors of 166?
2, 83
List the prime factors of 10996.
2, 2749
List the prime factors of 4524.
2, 3, 13, 29
What are the prime factors of 1211?
7, 173
What are the prime factors of 6104?
2, 7, 109
List the prime factors of 1350.
2, 3, 5
List the prime factors of 8326.
2, 23, 181
List the prime factors of 34390.
2, 5, 19, 181
What are the prime factors of 261?
3, 29
List the prime factors of 771.
3, 257
What are the prime factors of 1333?
31, 43
List the prime factors of 1925.
5, 7, 11
What are the prime factors of 92051?
92051
What are the prime factors of 94657?
103, 919
List the prime factors of 1225.
5, 7
List the prime factors of 2975.
5, 7, 17
What are the prime factors of 11424?
2, 3, 7, 17
List the prime factors of 10888.
2, 1361
List the prime factors of 2232.
2, 3, 31
List the prime factors of 10397.
37, 281
What are the prime factors of 1592?
2, 199
List the prime factors of 53390.
2, 5, 19, 281
What are the prime factors of 45432?
2, 3, 631
List the prime factors of 88367.
97, 911
List the prime factors of 1235.
5, 13, 19
What are the prime factors of 10416?
2, 3, 7, 31
List the prime factors of 33340.
2, 5, 1667
What are the prime factors of 2596?
2, 11, 59
List the prime factors of 4763.
11, 433
What are the prime factors of 46249?
7, 6607
What are the prime factors of 3786?
2, 3, 631
What are the prime factors of 14609?
7, 2087
What are the prime factors of 2271?
3, 757
List the prime factors of 1657.
1657
List the prime factors of 45203.
17, 2659
List the prime factors of 37515.
3, 5, 41, 61
What are the prime factors of 6912?
2, 3
What are the prime factors of 7791?
3, 7, 53
List the prime factors of 52629.
3, 53, 331
What are the prime factors of 4236?
2, 3, 353
List the prime factors of 2151.
3, 239
List the prime factors of 29500.
2, 5, 59
List the prime factors of 1277.
1277
List the prime factors of 3590.
2, 5, 359
List the prime factors of 19280.
2, 5, 241
What are the prime factors of 3743?
19, 197
What are the prime factors of 29945?
5, 53, 113
What are the prime factors of 10147?
73, 139
List the prime factors of 4502.
2, 2251
List the prime factors of 21845.
5, 17, 257
What are the prime factors of 763?
7, 109
What are the prime factors of 279?
3, 31
What are the prime factors of 7969?
13, 613
What are the prime factors of 6634?
2, 31, 107
What are the prime factors of 77765?
5, 103, 151
What are the prime factors of 19698?
2, 3, 7, 67
What are the prime factors of 850?
2, 5, 17
What are the prime factors of 77466?
2, 3, 12911
What are the prime factors of 47158?
2, 17, 19, 73
List the prime factors of 1155.
3, 5, 7, 11
List the prime factors of 941.
941
What are the prime factors of 183?
3, 61
What are the prime factors of 11947?
13, 919
What are the prime factors of 32018?
2, 7, 2287
What are the prime factors of 23140?
2, 5, 13, 89
List the prime factors of 15467.
15467
What are the prime factors of 109539?
3, 4057
What are the prime factors of 13107?
3, 17, 257
List the prime factors of 1741.
1741
What are the prime factors of 1665?
3, 5, 37
List the prime factors of 3160.
2, 5, 79
List the prime factors of 7183.
11, 653
List the prime factors of 12474.
2, 3, 7, 11
What are the prime factors of 9531?
3, 353
What are the prime factors of 998?
2, 499
List the prime factors of 5311.
47, 113
What are the prime factors of 1272?
2, 3, 53
What are the prime factors of 53552?
2, 3347
What are the prime factors of 54564?
2, 3, 4547
List the prime factors of 553.
7, 79
List the prime factors of 568.
2, 71
List the prime factors of 104025.
3, 5, 19, 73
What are the prime factors of 4634?
2, 7, 331
List the prime factors of 39012.
2, 3, 3251
What are the prime factors of 1641?
3, 547
What are the prime factors of 29264?
2, 31, 59
List the prime factors of 57461.
37, 1553
What are the prime factors of 31729?
31729
What are the prime factors of 1520?
2, 5, 19
List the prime factors of 2029.
2029
What are the prime factors of 4059?
3, 11, 41
List the prime factors of 4559.
47, 97
What are the prime factors of 6929?
13, 41
List the prime factors of 4391.
4391
List the prime factors of 4441.
4441
List the prime factors of 72625.
5, 7, 83
List the prime factors of 847.
7, 11
List the prime factors of 29574.
2, 3, 31, 53
What are the prime factors of 33070?
2, 5, 3307
List the prime factors of 3976.
2, 7, 71
List the prime factors of 6284.
2, 1571
List the prime factors of 4134.
2, 3, 13, 53
List the prime factors of 12127.
67, 181
List the prime factors of 24472.
2, 7, 19, 23
List the prime factors of 7948.
2, 1987
List the prime factors of 14291.
31, 461
List the prime factors of 4910.
2, 5, 491
List the prime factors of 228.
2, 3, 19
What are the prime factors of 8976?
2, 3, 11, 17
List the prime factors of 224.
2, 7
List the prime factors of 11480.
2, 5, 7, 41
List the prime factors of 6063.
3, 43, 47
List the prime factors of 963.
3, 107
List the prime factors of 55.
5, 11
What are the prime factors of 719?
719
List the prime factors of 2271.
3, 757
What are the prime factors of 151583?
29, 5227
What are the prime factors of 581?
7, 83
List the prime factors of 2434.
2, 1217
List the prime factors of 44866.
2, 22433
List the prime factors of 2929.
29, 101
List the prime factors of 2563.
11, 233
What are the prime factors of 979?
11, 89
What are the prime factors of 39694?
2, 89, 223
List the prime factors of 905.
5, 181
List the prime factors of 6056.
2, 757
What are the prime factors of 36760?
2, 5, 919
What are the prime factors of 77051?
13, 5927
List the prime factors of 13912.
2, 37, 47
What are the prime factors of 163333?
233, 701
List the prime factors of 1190.
2, 5, 7, 17
List the prime factors of 254.
2, 127
What are the prime factors of 123692?
2, 17, 107
What are the prime factors of 497?
7, 71
What are the prime factors of 35464?
2, 11, 13, 31
What are the prime factors of 1437?
3, 479
List the prime factors of 14.
2, 7
What are the prime factors of 2736?
2, 3, 19
List the prime factors of 55182.
2, 3, 17, 541
List the prime factors of 26579.
7, 3797
List the prime factors of 63831.
3, 21277
What are the prime factors of 3210?
2, 3, 5, 107
List the prime factors of 516.
2, 3, 43
What are the prime factors of 1319?
1319
List the prime factors of 2388.
2, 3, 199
List the prime factors of 20296.
2, 43, 59
What are the prime factors of 4354?
2, 7, 311
What are the prime factors of 11685?
3, 5, 19, 41
What are the prime factors of 2324?
2, 7, 83
List the prime factors of 5660.
2, 5, 283
List the prime factors of 35644.
2, 7, 19, 67
What are the prime factors of 37176?
2, 3, 1549
List the prime factors of 6916.
2, 7, 13, 19
What are the prime factors of 9217?
13, 709
List the prime factors of 64801.
11, 43, 137
List the prime factors of 27141.
3, 